e prime factors of o?
2, 3, 1637
What are the prime factors of (-33)/(-3) - (-180 + -17276)?
17467
List the prime factors of (22/66 + 136731/(-9) + -4)/(-1).
2, 29, 131
Let x = 12003 - -1258. List the prime factors of x.
89, 149
Let o be 4/(-32) - (0 - (-63)/8). Let y(a) = a**3 + 11*a**2 - 10*a + 14. List the prime factors of y(o).
2, 11, 13
Suppose 0 = -3*x + 4*s + 47088, -2277*x + 4*s + 31392 = -2275*x. What are the prime factors of x?
2, 3, 109
Suppose 0 = 43*g - 51*g + 720. What are the prime factors of (g - -602) + (-10)/(-1 - 1)?
17, 41
Let r be 308/49 - (0 - (-4)/14). Suppose -332 = -r*y - 122. Suppose 213*i - y = 212*i. List the prime factors of i.
5, 7
Let y = -9909 + 29400. What are the prime factors of y?
3, 73, 89
Let g = -7000 + 13723. List the prime factors of g.
3, 83
Suppose -a = -168 - 625. Let d = a + 166. What are the prime factors of d?
7, 137
Suppose 4*j - 174288 = -p, -112*j + 109*j = -p - 130716. List the prime factors of j.
2, 3, 3631
Let z be (-120)/(-5 + 1) + 5. Let v = z - 210. Let x = 469 + v. List the prime factors of x.
2, 3, 7
Let g(l) be the first derivative of l**3 + 24*l**2 + 81*l + 43. What are the prime factors of g(-20)?
3, 107
Let q(p) be the third derivative of -20*p**4/3 + 269*p**3/6 - 2*p**2 + 5*p. List the prime factors of q(-4).
3, 101
Let l = -145562 - -217855. List the prime factors of l.
13, 67, 83
Suppose 51*n = -33*n + 551030 + 834550. List the prime factors of n.
5, 3299
Let u(i) = 1848*i + 3025. What are the prime factors of u(18)?
11, 3299
Suppose -48*y = -90*y + 269976. List the prime factors of y.
2, 1607
Suppose 26 - 6 = -5*f, f = 4*v - 1652. Let g = v + 1226. List the prime factors of g.
2, 3, 7, 13
Let r be (-3)/(-5) + (4816/(-35) - 9). Let f = r - -735. What are the prime factors of f?
19, 31
Suppose -2*q + 4*k + 21 = q, -q = -2*k - 9. Suppose -c - 5*i = -12, q*c - i + 0*i = 4. Let p(u) = 9*u**2 + 1. What are the prime factors of p(c)?
37
Let w(o) = -o**3 + 2*o**2 - 8*o - 1. Suppose 4*v + 2*r = 4*r + 10, 0 = 5*v - 2*r - 13. Let y be w(v). What are the prime factors of -3 + -30*1*y/6?
167
Let y(t) = t**2 + 10*t + 834. What are the prime factors of y(63)?
3, 1811
Let l(y) = -y**3 - 7*y**2 - 8*y - 10. Let a be l(-6). Suppose -3*j - 5*q = -a*q - 36, 0 = -j + 3*q. Let o = 4 + j. List the prime factors of o.
13
Suppose 3*z = -3*z + 294. Let l = -46 + z. Suppose 0 = 4*h - h + l*j - 99, 0 = 5*h + 3*j - 175. What are the prime factors of h?
2, 19
List the prime factors of -1*(-499655)/40 + 24/(-64).
12491
Let w be -16*(-5 - 195/(-12)). Let y = w - -757. List the prime factors of y.
577
Let b be ((-49)/(-28))/(2/8). Let w(t) = 6*t + 13. Let j(f) = -6*f - 12. Let o(z) = b*w(z) + 6*j(z). What are the prime factors of o(7)?
61
Suppose -3*d + s - 712 = 0, 4*d + s + 2*s = -971. Let j = d + 1156. What are the prime factors of j?
7, 131
Let s = -27059 - -50398. List the prime factors of s.
23339
Let a = 459 - 489. List the prime factors of (-556)/(4/a*5).
2, 3, 139
Suppose -2*a - 2*f = -2576, 3840 + 1328 = 4*a - 4*f. List the prime factors of a.
2, 3, 5, 43
Suppose 0 = 8*v - v - 42. Suppose -v*r + r + 755 = 0. Suppose 4*o - 228 = -4*i, -5*i - 3*o = -144 - r. List the prime factors of i.
2, 31
Let o(t) = -2*t - 3458 + 3456 - 3*t**3 + 9*t**2 - 5*t**3. What are the prime factors of o(-4)?
2, 331
Let a(m) = 23*m - 3. Let s be a(5). Let v(k) = 7*k + 48. Let x be v(-7). List the prime factors of -1*(x + s)/(-1).
3, 37
Suppose 0 = 3*m + 2*m - 2440. Suppose -28*l + m = -24*l. List the prime factors of l.
2, 61
Let j(u) = -445*u**3 + 2*u**2 + 3*u - 29. What are the prime factors of j(-3)?
5, 2399
Let v be 27 + -34 + -1219*1. Let r = v + 1925. List the prime factors of r.
3, 233
Suppose 0 = 2*t + 5*l - 3, -3*t + 5*l - l + 39 = 0. Suppose 13*i = t*i + 824. Suppose -p - i = -2*p. List the prime factors of p.
2, 103
Let l(t) = 16842*t + 125. List the prime factors of l(1).
19, 47
Suppose -2*s - 63 = s. Let a(q) = -q**2 - 21*q. Let b be a(s). Suppose b = 9*g - 2*g - 784. List the prime factors of g.
2, 7
Suppose p + 283811 - 17660 = 5*m, 5*p = 4*m - 212904. List the prime factors of m.
53231
Suppose n - 6842 + 26501 = 3*u, 3*u - 19659 = 4*n. What are the prime factors of u?
6553
List the prime factors of (385 + -387)*(-1)/1*21419.
2, 21419
Let g = 78 + -45. List the prime factors of 1 + 7167/g + 2/(-11).
2, 109
Suppose -75*c - 172568 = -1480118. List the prime factors of c.
2, 23, 379
Suppose -5*b - 3*o - o = -7716, 2*o + 2 = 0. Let h = b + -704. What are the prime factors of h?
2, 3, 5, 7
Suppose 86606 = 116*t - 128110. List the prime factors of t.
3, 617
Let f(x) = -6*x**3 - 25*x**2 - 54*x - 98. What are the prime factors of f(-25)?
3, 26459
Suppose 0 = -26*a + 105627 - 43071. Suppose 3*q = -x + 612, a = -8*x + 12*x - 2*q. What are the prime factors of x?
3, 67
Suppose -192 = y - 3*y. Suppose -u - 126 = -5*g, u + 5*g + y = -0*u. Let v = u - -311. What are the prime factors of v?
2, 5
Suppose 3*q + 14 + 32 = -2*g, 0 = g - 3*q + 32. Let w = g - -28. Suppose 2*x - 68 = w*c, 0*c - 5*c - 112 = -3*x. What are the prime factors of x?
29
Let q(a) = 13990*a**3 - 8*a + 5. List the prime factors of q(1).
71, 197
Let u be 32/(-24)*(-2367)/3. Suppose -4*o = 5*r - 1398, -4*r + u = 3*o - 2*r. What are the prime factors of o?
2, 11
Let k(v) = 1358*v**2 + 10*v + 29. What are the prime factors of k(4)?
71, 307
What are the prime factors of 5273*((-132)/11 - -19)?
7, 5273
Suppose -2*o = 61*y - 66*y + 3503, -4*y - 2*o = -2788. List the prime factors of y.
3, 233
Let v(l) = -50*l + 73. Let z be v(-15). Let c = z + 387. List the prime factors of c.
2, 5, 11
Let f be 5 + -2*((-7)/(-2))/(-7). Suppose 0*s = -f*s + 1296. Suppose -w - s = -5*w. List the prime factors of w.
2, 3
Let z(t) = 2*t + 2*t + 18 - 2 - 3. Let v(k) = 5*k + 13. Let s(d) = -3*v(d) + 2*z(d). What are the prime factors of s(-20)?
127
Suppose -15*s + 64837 = 6472 - 39660. List the prime factors of s.
5, 1307
Let h = -239 - -241. Suppose -h*c - 446 = -2602. What are the prime factors of c?
2, 7, 11
Suppose z + 3*i - 66 = 0, 2*z + 0*z = -2*i + 140. Let j = z - 80. What are the prime factors of ((-5)/2)/(j/48)?
3, 5
Suppose 0 = -5*l + w + 359936, 5*l + 57*w - 55*w - 359933 = 0. List the prime factors of l.
71987
What are the prime factors of 156/130 + 88512/15?
2, 13, 227
Let l be (-2)/16 + (-26900)/(-160). Suppose 2*b - 3*b - 275 = 2*q, -2*b = 2*q + 280. Let n = q + l. List the prime factors of n.
3, 11
Suppose 0 = -31*o + 34*o - c - 19820, -6625 = -o + 4*c. List the prime factors of o.
5, 1321
Suppose 2*j = -5*d + 6 + 27, d + 4*j = 3. Let s = d + -1. Suppose -100 = -3*m - 5*b, b = -m + s*b. What are the prime factors of m?
5
Let o = -81 + 79. Let x be (-22080)/(-42) + -1 - o/7. Suppose 3*a - x = 3*z, -a - z + 262 - 83 = 0. List the prime factors of a.
3, 59
Suppose -5*o + 13 = 2*m, -m + 12 = m + 4*o. Suppose m*c - 1010 = 882. What are the prime factors of c?
11, 43
Let t(n) = 13*n**3 + 17*n**2 + 3*n - 4. Let z(s) = -7*s**3 - 10*s**2 - 2*s + 2. Let y(g) = 4*t(g) + 7*z(g). List the prime factors of y(3).
5, 11
Suppose 0 = -64*u + 370361 + 504519. List the prime factors of u.
2, 5, 1367
Suppose 6*p = 5*p + w - 1, 4 = 5*p - 2*w. Suppose 5*k + 3895 = 4*n, -1289 = -p*n + 4*k + 657. What are the prime factors of n?
3, 5, 13
Let b(n) = n**2 - 6*n - 4. Let z(v) = v. Let p(l) = -b(l) - 5*z(l). Let g be p(2). Suppose -89 = g*w - 3*w - 4*j, -5*j + 367 = 4*w. List the prime factors of w.
3, 31
Suppose 12*y - 8*y = 2*g + 113402, -3*y = 2*g - 85027. What are the prime factors of y?
3, 11, 859
Let s be 42/(4 + 80/(-24)). Suppose -s*z = -75*z + 192. What are the prime factors of z?
2
Let k(t) = 2*t - 22. Let o be k(14). Let q be 6*4/16*8/o. List the prime factors of 321/(-9)*(q - 6 - -1).
107
List the prime factors of (-42)/4 - -12 - 1/2 - -6788.
3, 31, 73
Suppose -y + 11*y = 41960 + 2570. What are the prime factors of y?
61, 73
Suppose -2*k + a + 2 = 0, -4*k - 8 + 2 = 3*a. Suppose k = -4*w - 5*y + 1341, 2*w + 3*y - 300 = 373. What are the prime factors of w?
7, 47
Suppose -2*i - 16 = -v, -3*v = 85*i - 84*i - 6. Let m be (-1)/4*2*8. List the prime factors of m/i*(3 - -339).
2, 3, 19
Let v = -1181 - -27101. List the prime factors of v.
2, 3, 5
List the prime factors of 408/(-476) - 128064